{"id":503,"date":"2026-02-06T12:51:30","date_gmt":"2026-02-06T12:51:30","guid":{"rendered":"https:\/\/emayamaroquinerie.com\/?post_type=product&#038;p=503"},"modified":"2026-02-06T14:33:34","modified_gmt":"2026-02-06T14:33:34","slug":"boucles-doreilles-double-coeurs-petillant-rose-2-3","status":"publish","type":"product","link":"https:\/\/emayamaroquinerie.com\/index.php\/produit\/boucles-doreilles-double-coeurs-petillant-rose-2-3\/","title":{"rendered":"Boucles d&rsquo;oreilles double c\u0153urs bleu nuit"},"content":{"rendered":"<p>Ces boucles d\u2019oreilles en cuir bleu nuit allie simplicit\u00e9 et sophistication. Chaque paire pr\u00e9sente deux c\u0153urs ajour\u00e9s superpos\u00e9s, pour un design \u00e9pur\u00e9 et romantique. Le cuir bleu nuit, profond et \u00e9l\u00e9gant, apporte une touche de myst\u00e8re et de classe \u00e0 vos tenues.<\/p>\n<p>Faites main, ces boucles d\u2019oreilles sont id\u00e9ales pour celles qui recherchent des accessoires uniques et intemporels. Parfaites pour toutes les occasions, elles sauront sublimer votre style avec discr\u00e9tion et \u00e9l\u00e9gance. Un cadeau id\u00e9al pour exprimer votre affection ou pour vous faire plaisir ! \ud83d\udc99<\/p>\n<p>Les tranches sont trait\u00e9es au Tokonol, un m\u00e9lange de colle et de cire qui permet de fixer les fibres et d\u2019apporter un fini lustr\u00e9. R\u00e9sultat : une finition impeccable, lisse et soign\u00e9e.<\/p>\n<p>Dimensions: L 3,6 cms \u00d7 H 6 cms<\/p>\n<p>Mat\u00e9riau: 100% acier inoxydable<\/p>\n","protected":false},"excerpt":{"rendered":"<p>Ces boucles d\u2019oreilles en cuir bleu nuit allie simplicit\u00e9 et sophistication. Chaque paire pr\u00e9sente deux c\u0153urs ajour\u00e9s superpos\u00e9s, pour un design \u00e9pur\u00e9 et romantique. Le cuir bleu nuit, profond et \u00e9l\u00e9gant, apporte une touche de myst\u00e8re et de classe \u00e0 vos tenues. Faites main, ces boucles d\u2019oreilles sont id\u00e9ales pour celles qui recherchent des accessoires [&hellip;]<\/p>\n","protected":false},"featured_media":506,"comment_status":"open","ping_status":"closed","template":"","meta":[],"product_brand":[],"product_cat":[33],"product_tag":[],"class_list":{"0":"post-503","1":"product","2":"type-product","3":"status-publish","4":"has-post-thumbnail","6":"product_cat-boucles-doreilles","7":"product_shipping_class-petits-objets","9":"first","10":"instock","11":"shipping-taxable","12":"purchasable","13":"product-type-simple"},"jetpack_sharing_enabled":true,"tiered_pricing_type":"fixed","tiered_pricing_fixed_rules":[],"tiered_pricing_product_settings":{"layout":"default","base_unit_name":{"singular":null,"plural":null},"default_variation":null},"tiered_pricing_minimum_quantity":null,"tiered_pricing_roles_data":[],"tiered_pricing_percentage_rules":[],"_links":{"self":[{"href":"https:\/\/emayamaroquinerie.com\/index.php\/wp-json\/wp\/v2\/product\/503","targetHints":{"allow":["GET"]}}],"collection":[{"href":"https:\/\/emayamaroquinerie.com\/index.php\/wp-json\/wp\/v2\/product"}],"about":[{"href":"https:\/\/emayamaroquinerie.com\/index.php\/wp-json\/wp\/v2\/types\/product"}],"replies":[{"embeddable":true,"href":"https:\/\/emayamaroquinerie.com\/index.php\/wp-json\/wp\/v2\/comments?post=503"}],"wp:featuredmedia":[{"embeddable":true,"href":"https:\/\/emayamaroquinerie.com\/index.php\/wp-json\/wp\/v2\/media\/506"}],"wp:attachment":[{"href":"https:\/\/emayamaroquinerie.com\/index.php\/wp-json\/wp\/v2\/media?parent=503"}],"wp:term":[{"taxonomy":"product_brand","embeddable":true,"href":"https:\/\/emayamaroquinerie.com\/index.php\/wp-json\/wp\/v2\/product_brand?post=503"},{"taxonomy":"product_cat","embeddable":true,"href":"https:\/\/emayamaroquinerie.com\/index.php\/wp-json\/wp\/v2\/product_cat?post=503"},{"taxonomy":"product_tag","embeddable":true,"href":"https:\/\/emayamaroquinerie.com\/index.php\/wp-json\/wp\/v2\/product_tag?post=503"}],"curies":[{"name":"wp","href":"https:\/\/api.w.org\/{rel}","templated":true}]}}