{"id":468,"date":"2026-02-05T20:10:03","date_gmt":"2026-02-05T20:10:03","guid":{"rendered":"https:\/\/emayamaroquinerie.com\/?post_type=product&#038;p=468"},"modified":"2026-02-06T12:33:34","modified_gmt":"2026-02-06T12:33:34","slug":"boucles-doreilles-doubles-coeurs-bordeaux","status":"publish","type":"product","link":"https:\/\/emayamaroquinerie.com\/index.php\/produit\/boucles-doreilles-doubles-coeurs-bordeaux\/","title":{"rendered":"Boucles d&rsquo;oreilles doubles c\u0153urs bordeaux"},"content":{"rendered":"<p>Boucles d\u2019oreilles doubles c\u0153urs bordeaux<\/p>\n<p>Ajoute une touche romantique et originale \u00e0 ta collection avec ces boucles d\u2019oreilles en forme de double c\u0153ur. Fabriqu\u00e9es avec un cuir bordeaux, elles allient \u00e9l\u00e9gance et simplicit\u00e9 pour un style unique et artisanal. Parfaites pour toutes les occasions !<\/p>\n<p>Les tranches sont trait\u00e9es au Tokonol, un m\u00e9lange de colle et de cire qui permet de fixer les fibres et d\u2019apporter un fini lustr\u00e9. R\u00e9sultat : une finition impeccable, lisse et soign\u00e9e.<\/p>\n<p>Dimensions: L 6cms \u00d7 H 6cms<\/p>\n<p>Mat\u00e9riau: 100% argent<\/p>\n<p>Fait main avec c\u0153ur<\/p>\n","protected":false},"excerpt":{"rendered":"<p>Boucles d\u2019oreilles doubles c\u0153urs bordeaux Ajoute une touche romantique et originale \u00e0 ta collection avec ces boucles d\u2019oreilles en forme de double c\u0153ur. Fabriqu\u00e9es avec un cuir bordeaux, elles allient \u00e9l\u00e9gance et simplicit\u00e9 pour un style unique et artisanal. Parfaites pour toutes les occasions ! Les tranches sont trait\u00e9es au Tokonol, un m\u00e9lange de colle [&hellip;]<\/p>\n","protected":false},"featured_media":465,"comment_status":"open","ping_status":"closed","template":"","meta":[],"product_brand":[],"product_cat":[33],"product_tag":[],"class_list":{"0":"post-468","1":"product","2":"type-product","3":"status-publish","4":"has-post-thumbnail","6":"product_cat-boucles-doreilles","7":"product_shipping_class-petits-objets","9":"first","10":"instock","11":"shipping-taxable","12":"purchasable","13":"product-type-simple"},"jetpack_sharing_enabled":true,"tiered_pricing_type":"fixed","tiered_pricing_fixed_rules":[],"tiered_pricing_product_settings":{"layout":"default","base_unit_name":{"singular":null,"plural":null},"default_variation":null},"tiered_pricing_minimum_quantity":null,"tiered_pricing_roles_data":[],"tiered_pricing_percentage_rules":[],"_links":{"self":[{"href":"https:\/\/emayamaroquinerie.com\/index.php\/wp-json\/wp\/v2\/product\/468","targetHints":{"allow":["GET"]}}],"collection":[{"href":"https:\/\/emayamaroquinerie.com\/index.php\/wp-json\/wp\/v2\/product"}],"about":[{"href":"https:\/\/emayamaroquinerie.com\/index.php\/wp-json\/wp\/v2\/types\/product"}],"replies":[{"embeddable":true,"href":"https:\/\/emayamaroquinerie.com\/index.php\/wp-json\/wp\/v2\/comments?post=468"}],"wp:featuredmedia":[{"embeddable":true,"href":"https:\/\/emayamaroquinerie.com\/index.php\/wp-json\/wp\/v2\/media\/465"}],"wp:attachment":[{"href":"https:\/\/emayamaroquinerie.com\/index.php\/wp-json\/wp\/v2\/media?parent=468"}],"wp:term":[{"taxonomy":"product_brand","embeddable":true,"href":"https:\/\/emayamaroquinerie.com\/index.php\/wp-json\/wp\/v2\/product_brand?post=468"},{"taxonomy":"product_cat","embeddable":true,"href":"https:\/\/emayamaroquinerie.com\/index.php\/wp-json\/wp\/v2\/product_cat?post=468"},{"taxonomy":"product_tag","embeddable":true,"href":"https:\/\/emayamaroquinerie.com\/index.php\/wp-json\/wp\/v2\/product_tag?post=468"}],"curies":[{"name":"wp","href":"https:\/\/api.w.org\/{rel}","templated":true}]}}